{"id":1123,"date":"2026-02-16T22:18:22","date_gmt":"2026-02-16T22:18:22","guid":{"rendered":"https:\/\/ohegyirendelo.hu\/?page_id=1123"},"modified":"2026-02-16T22:18:22","modified_gmt":"2026-02-16T22:18:22","slug":"nyitvatartas","status":"publish","type":"page","link":"https:\/\/ohegyirendelo.hu\/?page_id=1123","title":{"rendered":"Nyitvatart\u00e1s"},"content":{"rendered":"\n<figure class=\"wp-block-pullquote\"><blockquote><p>H\u00e9tf\u0151: 10.00-20.00-ig<br>Kedd: 15.00-20.00-ig<br>Szerda: 10.00-19.00-ig<br>Cs\u00fct\u00f6rt\u00f6k: 12.00-17.00-ig<br>P\u00e9ntek: 10.00-19.00-ig<br>Vas\u00e1rnap 10.00-12.00-ig \u00fcgyelet<\/p><\/blockquote><\/figure>\n\n\n\n<p>2023.02.01-t\u0151l bevezet\u00e9sre ker\u00fcl vas\u00e1rnapi \u00fcgyelet\u00fcnk (10.00-12.00 \u00f3ra). \u00dcgyeleti d\u00edj 15.000 Ft\u00a0<br>Javasolt id\u0151pontot foglalni a v\u00e1rakoz\u00e1si id\u0151 optimaliz\u00e1l\u00e1sa \u00e9rdek\u00e9ben az \u00e1ltal\u00e1nos vizsg\u00e1latra \u00e9s v\u00e9d\u0151olt\u00e1sra \u00e9rkez\u0151 p\u00e1cienseknek is, emellett\u00a0 soron k\u00edv\u00fcl fogadjuk a s\u00fcrg\u0151ss\u00e9gi eseteket, valamint a tervezett beavatkoz\u00e1sra \u00e9rkez\u0151ket.<\/p>\n\n\n\n<p>Bejelentkez\u00e9s sz\u00fcks\u00e9ges\u00a0az ultrahangos \u00e9s az EKG, r\u00f6ntgen vizsg\u00e1latokra, m\u0171t\u00e9tekre, fog\u00e1szati beavatkoz\u00e1sokra, v\u00e9rv\u00e9telre, Senior vizsg\u00e1latra. A bejelentkez\u00e9st k\u00e9rj\u00fck, hogy\u00a0rendel\u00e9si id\u0151ben tegy\u00e9k meg\u00a0a\u00a006-1-261-20-22-es telefonsz\u00e1munkon.<\/p>\n\n\n\n<p><strong>Mobilsz\u00e1maink<\/strong>:\u00a006-20-428-08-36 \u00e9s 06-30-899-2318<\/p>\n","protected":false},"excerpt":{"rendered":"<p>H\u00e9tf\u0151: 10.00-20.00-igKedd: 15.00-20.00-igSzerda: 10.00-19.00-igCs\u00fct\u00f6rt\u00f6k: 12.00-17.00-igP\u00e9ntek: 10.00-19.00-igVas\u00e1rnap 10.00-12.00-ig \u00fcgyelet 2023.02.01-t\u0151l bevezet\u00e9sre ker\u00fcl vas\u00e1rnapi \u00fcgyelet\u00fcnk (10.00-12.00 \u00f3ra). \u00dcgyeleti d\u00edj 15.000 Ft\u00a0Javasolt id\u0151pontot foglalni a v\u00e1rakoz\u00e1si id\u0151 optimaliz\u00e1l\u00e1sa \u00e9rdek\u00e9ben az \u00e1ltal\u00e1nos vizsg\u00e1latra \u00e9s v\u00e9d\u0151olt\u00e1sra \u00e9rkez\u0151 p\u00e1cienseknek is, emellett\u00a0 soron k\u00edv\u00fcl fogadjuk a s\u00fcrg\u0151ss\u00e9gi eseteket, valamint a tervezett beavatkoz\u00e1sra \u00e9rkez\u0151ket. Bejelentkez\u00e9s sz\u00fcks\u00e9ges\u00a0az ultrahangos \u00e9s az EKG, r\u00f6ntgen vizsg\u00e1latokra, m\u0171t\u00e9tekre, [&hellip;]<\/p>\n","protected":false},"author":1,"featured_media":0,"parent":0,"menu_order":0,"comment_status":"closed","ping_status":"closed","template":"","meta":{"footnotes":""},"class_list":["post-1123","page","type-page","status-publish","hentry"],"_links":{"self":[{"href":"https:\/\/ohegyirendelo.hu\/index.php?rest_route=\/wp\/v2\/pages\/1123","targetHints":{"allow":["GET"]}}],"collection":[{"href":"https:\/\/ohegyirendelo.hu\/index.php?rest_route=\/wp\/v2\/pages"}],"about":[{"href":"https:\/\/ohegyirendelo.hu\/index.php?rest_route=\/wp\/v2\/types\/page"}],"author":[{"embeddable":true,"href":"https:\/\/ohegyirendelo.hu\/index.php?rest_route=\/wp\/v2\/users\/1"}],"replies":[{"embeddable":true,"href":"https:\/\/ohegyirendelo.hu\/index.php?rest_route=%2Fwp%2Fv2%2Fcomments&post=1123"}],"version-history":[{"count":1,"href":"https:\/\/ohegyirendelo.hu\/index.php?rest_route=\/wp\/v2\/pages\/1123\/revisions"}],"predecessor-version":[{"id":1124,"href":"https:\/\/ohegyirendelo.hu\/index.php?rest_route=\/wp\/v2\/pages\/1123\/revisions\/1124"}],"wp:attachment":[{"href":"https:\/\/ohegyirendelo.hu\/index.php?rest_route=%2Fwp%2Fv2%2Fmedia&parent=1123"}],"curies":[{"name":"wp","href":"https:\/\/api.w.org\/{rel}","templated":true}]}}