{"id":6,"date":"2026-02-16T12:39:04","date_gmt":"2026-02-16T12:39:04","guid":{"rendered":"https:\/\/ohegyirendelo.hu\/?page_id=6"},"modified":"2026-02-16T22:20:25","modified_gmt":"2026-02-16T22:20:25","slug":"weboldalunk-atalakitas-alatt","status":"publish","type":"page","link":"https:\/\/ohegyirendelo.hu\/","title":{"rendered":"Weboldalunk \u00e1talak\u00edt\u00e1s alatt"},"content":{"rendered":"\n<p>Az <strong>\u00d3hegyi \u00c1llatorvosi Rendel\u0151<\/strong> weboldala jelenleg \u00e1talak\u00edt\u00e1s alatt van. Rendel\u0151nk ett\u0151l f\u00fcggetlen\u00fcl a megszokott nyitvatart\u00e1s szerint, a megszokott el\u00e9rhet\u0151s\u00e9geken v\u00e1rja \u00d6n\u00f6ket \u00e9s kis kedvenceiket.<\/p>\n\n\n\n<h2 class=\"wp-block-heading\"><strong>El\u00e9rhet\u0151s\u00e9geink<\/strong>:<\/h2>\n\n\n\n<p><strong>C\u00edm<\/strong>: 1103 Budapest Tarl\u00f3 u. 22. <\/p>\n\n\n\n<iframe src=\"https:\/\/www.google.com\/maps\/embed?pb=!1m18!1m12!1m3!1d2696.6170478243016!2d19.1468927762585!3d47.47789157117834!2m3!1f0!2f0!3f0!3m2!1i1024!2i768!4f13.1!3m3!1m2!1s0x4107db5cd815f4ab%3A0xbbd86265b4999255!2zw5NoZWd5aSDDgWxsYXRvcnZvc2kgUmVuZGVsxZE!5e0!3m2!1shu!2shu!4v1771245358073!5m2!1shu!2shu\" width=\"600\" height=\"450\" style=\"border:0;\" allowfullscreen=\"\" loading=\"lazy\" referrerpolicy=\"no-referrer-when-downgrade\"><\/iframe>\n\n\n\n<p><strong>Telefon<\/strong>: +36-1-261-20-22<br><strong>Mobil:<\/strong> +36-20-428-08-36 ill. +36-30-899-23-18<\/p>\n\n\n\n<h2 class=\"wp-block-heading\">Nyitvatart\u00e1sunk:<\/h2>\n\n\n\n<p>H\u00e9tf\u0151: 10.00-20.00-ig<br>Kedd: 15.00-20.00-ig<br>Szerda: 10.00-19.00-ig<br>Cs\u00fct\u00f6rt\u00f6k: 12.00-17.00-ig<br>P\u00e9ntek: 10.00-19.00-ig<br>Vas\u00e1rnap 10.00-12.00-ig \u00fcgyelet<br><em>2023.02.01-t\u0151l bevezet\u00e9sre ker\u00fcl vas\u00e1rnapi \u00fcgyelet\u00fcnk (10.00-12.00 \u00f3ra). \u00dcgyeleti d\u00edj 15.000 Ft&nbsp;<br>Javasolt id\u0151pontot foglalni a v\u00e1rakoz\u00e1si id\u0151 optimaliz\u00e1l\u00e1sa \u00e9rdek\u00e9ben az \u00e1ltal\u00e1nos vizsg\u00e1latra \u00e9s v\u00e9d\u0151olt\u00e1sra \u00e9rkez\u0151 p\u00e1cienseknek is, emellett&nbsp; soron k\u00edv\u00fcl fogadjuk a s\u00fcrg\u0151ss\u00e9gi eseteket, valamint a tervezett beavatkoz\u00e1sra \u00e9rkez\u0151ket.<\/em><\/p>\n\n\n\n<p>Bejelentkez\u00e9s sz\u00fcks\u00e9ges&nbsp;az ultrahangos \u00e9s az EKG, r\u00f6ntgen vizsg\u00e1latokra, m\u0171t\u00e9tekre, fog\u00e1szati beavatkoz\u00e1sokra, v\u00e9rv\u00e9telre, Senior vizsg\u00e1latra. A bejelentkez\u00e9st k\u00e9rj\u00fck, hogy&nbsp;rendel\u00e9si id\u0151ben tegy\u00e9k meg&nbsp;a&nbsp;06-1-261-20-22-es telefonsz\u00e1munkon.<\/p>\n\n\n\n<p><\/p>\n","protected":false},"excerpt":{"rendered":"<p>Az \u00d3hegyi \u00c1llatorvosi Rendel\u0151 weboldala jelenleg \u00e1talak\u00edt\u00e1s alatt van. Rendel\u0151nk ett\u0151l f\u00fcggetlen\u00fcl a megszokott nyitvatart\u00e1s szerint, a megszokott el\u00e9rhet\u0151s\u00e9geken v\u00e1rja \u00d6n\u00f6ket \u00e9s kis kedvenceiket. El\u00e9rhet\u0151s\u00e9geink: C\u00edm: 1103 Budapest Tarl\u00f3 u. 22. Telefon: +36-1-261-20-22Mobil: +36-20-428-08-36 ill. +36-30-899-23-18 Nyitvatart\u00e1sunk: H\u00e9tf\u0151: 10.00-20.00-igKedd: 15.00-20.00-igSzerda: 10.00-19.00-igCs\u00fct\u00f6rt\u00f6k: 12.00-17.00-igP\u00e9ntek: 10.00-19.00-igVas\u00e1rnap 10.00-12.00-ig \u00fcgyelet2023.02.01-t\u0151l bevezet\u00e9sre ker\u00fcl vas\u00e1rnapi \u00fcgyelet\u00fcnk (10.00-12.00 \u00f3ra). \u00dcgyeleti d\u00edj 15.000 Ft&nbsp;Javasolt [&hellip;]<\/p>\n","protected":false},"author":1,"featured_media":0,"parent":0,"menu_order":0,"comment_status":"closed","ping_status":"closed","template":"","meta":{"footnotes":""},"class_list":["post-6","page","type-page","status-publish","hentry"],"_links":{"self":[{"href":"https:\/\/ohegyirendelo.hu\/index.php?rest_route=\/wp\/v2\/pages\/6","targetHints":{"allow":["GET"]}}],"collection":[{"href":"https:\/\/ohegyirendelo.hu\/index.php?rest_route=\/wp\/v2\/pages"}],"about":[{"href":"https:\/\/ohegyirendelo.hu\/index.php?rest_route=\/wp\/v2\/types\/page"}],"author":[{"embeddable":true,"href":"https:\/\/ohegyirendelo.hu\/index.php?rest_route=\/wp\/v2\/users\/1"}],"replies":[{"embeddable":true,"href":"https:\/\/ohegyirendelo.hu\/index.php?rest_route=%2Fwp%2Fv2%2Fcomments&post=6"}],"version-history":[{"count":6,"href":"https:\/\/ohegyirendelo.hu\/index.php?rest_route=\/wp\/v2\/pages\/6\/revisions"}],"predecessor-version":[{"id":1128,"href":"https:\/\/ohegyirendelo.hu\/index.php?rest_route=\/wp\/v2\/pages\/6\/revisions\/1128"}],"wp:attachment":[{"href":"https:\/\/ohegyirendelo.hu\/index.php?rest_route=%2Fwp%2Fv2%2Fmedia&parent=6"}],"curies":[{"name":"wp","href":"https:\/\/api.w.org\/{rel}","templated":true}]}}